= -o - g + 17. Calculate the highest common divisor of o and 3.
3
Let p be ((-291)/9 - -17)/((-1)/6). Calculate the greatest common divisor of p and 18124.
92
Let u be 2/(-2 + 4) + 5 + 57. Suppose u*g - 2496 = -480. Let h be (2 - 3) + (1 - -80). Calculate the highest common divisor of h and g.
16
Suppose 3*u + 89*s - 47576 = 87*s, -s = 8. What is the highest common divisor of u and 24?
24
Let r(l) = 69*l + 3*l - 9 + 10*l**2 + 5. Let b be r(-8). Calculate the highest common factor of b and 340.
20
Let b(o) = -o + 13. Let p be b(8). Suppose g - 8 = p*s, -5*s = 4*g - 2*g - 31. Calculate the greatest common factor of 1 and g.
1
Suppose -2*q = 2*x - 9080, 394*x = 2*q + 391*x - 9095. Calculate the greatest common divisor of q and 33.
11
Suppose -i + u - 83 = -5*i, 23 = i + u. Suppose -10*a - 20 = -i*a. Suppose 6*n - 3*n - 12 = 0. What is the highest common factor of a and n?
2
Suppose 1092 = -37*f + 50*f. Suppose 4*g - 10*g + f = 0. Calculate the greatest common factor of 266 and g.
14
Let x = -4 - -10. Suppose -z = -4*b - 11, 3*z - 46 = -0*z - b. What is the highest common divisor of z and x?
3
Suppose 4*n + 3*k = 5*n - 108, 2*n - 4*k = 210. Let x = -4 - -6. Suppose -3*s - x*s + 3*b = -46, 17 = s + 2*b. What is the highest common factor of n and s?
11
Suppose 7*a + a - 16 = 0. Let z be ((-7)/3)/(a/((-180)/5)). Let o be ((-280)/z)/(-1 - 16/(-18)). Calculate the greatest common factor of 40 and o.
20
Let t be ((-1)/(-2) + (-2052)/(-24))/2. Suppose 3*l + 4*f - 133 = 0, 3*f - 5*f = 5*l - 217. Calculate the greatest common divisor of t and l.
43
Let n(y) = 8*y + 42. Suppose -1 = 44*v - 1. Let z be n(v). Calculate the highest common divisor of z and 18.
6
Let u(b) = b**3 - 42*b**2 - 43*b + 16. Let c be u(43). Calculate the highest common divisor of 540 and c.
4
Suppose 20*l - 9077 = 4003. What is the greatest common factor of l and 54?
6
Let s(i) = -343*i + 1588. Let n be s(-11). What is the highest common divisor of n and 3?
3
Let d(n) = 2*n**3 - 11*n**2 + 8*n + 4. Suppose 16*o - 78 = 2. Let u be d(o). What is the greatest common divisor of u and 551?
19
Suppose -21*i + 23*i = -m + 4825, 0 = 4*m + 2*i - 19270. What is the highest common divisor of 270 and m?
45
Suppose -3*g - 10*g = -g - 19032. What is the highest common factor of g and 1098?
122
Let k be (-624)/(-18) - (-11)/33*1. Suppose -196 = -q - 3*q. What is the greatest common factor of q and k?
7
Suppose 3*v + 4*z = 42889 + 42678, -5*z + 142615 = 5*v. Calculate the highest common factor of v and 7.
7
Let l = -93 - -172. Suppose 5*a - 4*x - 425 = -l, 143 = 2*a + 3*x. What is the highest common divisor of a and 175?
35
Let a(c) = -25*c + 215. Let p be a(7). Calculate the highest common factor of 1640 and p.
40
Let d be ((-56)/21 + 2)*-6. Suppose 8 = 5*m - n, -d*m - 5*n - 18 = -7. What is the highest common factor of m and 17?
1
Suppose -5*j - 4*p + 1372 = 0, -68*p = -69*p - 2. Calculate the greatest common factor of 10419 and j.
69
Suppose z - o - 11 = 0, 33*z - 35*z = -5*o - 25. Suppose l + 260 = 3*l. Calculate the highest common divisor of l and z.
10
Let r(i) = -i**2 - 19*i - 64. Let j be r(-15). Let a be (-15 + j + -2)/(-3). What is the highest common divisor of a and 2?
1
Suppose 0 = 3*c + 15 - 21. Let f be (c + 0)*(1 + (3 - -3)). What is the highest common divisor of f and 6?
2
Suppose 370*u + 2699 + 5749 = 434*u. Calculate the highest common factor of 204 and u.
12
Suppose 2*a = -4*m + 11092, a - 3*m - 2511 = 3010. What is the greatest common divisor of 16 and a?
16
Let r(z) = 4*z**2 - 68*z - 699. Let t be r(-13). What is the greatest common divisor of t and 28?
7
Let f be (1/(-1))/((5 - (-606)/(-60)) + 5). What is the highest common factor of 54 and f?
2
Let n(h) = -h**2 - 26*h - 21. Let m be n(-20). Let f = -1686 + 1708. Calculate the greatest common divisor of f and m.
11
Let s be (46 + -13)*(-8408)/(-88). Calculate the highest common divisor of 3 and s.
3
Suppose -5*m + 3*i + 1445 = 0, -3*m + 4*m - 5*i = 311. Suppose 130 = 6*j + 32*z - 31*z, -4*j = -3*z - 94. What is the highest common factor of j and m?
22
Let s(y) = -y**3 + 32*y**2 - 73*y - 250. Let m be s(29). Calculate the greatest common divisor of m and 1508.
52
Let z = -64 - -62. Let q be ((-124)/z)/(1 - 2). Let b = 128 + q. What is the greatest common factor of 165 and b?
33
Let d = 8 + 4. Let k(p) = -14*p - 36. Suppose 18 = -3*f - 3*a, -7*f + 5*f + 5*a - 12 = 0. Let j be k(f). What is the highest common divisor of j and d?
12
Suppose -64 = -26*z - 12. Suppose 0 = -z*w - 3*w + 3*q + 388, 0 = -5*q + 20. Calculate the highest common divisor of 128 and w.
16
Let f be (-53)/(-4) + (-5)/20. Suppose 4*u + 1 - 17 = 0. Suppose -u*i + 845 = i. What is the highest common divisor of i and f?
13
Suppose -4*c = -12, -5*c + 7 = h - 4*c. Let l be (-260)/91*h/(8/(-35)). What is the highest common divisor of l and 800?
50
Suppose -3*m - 53 = -h - m, -4*h + 5*m + 215 = 0. Let z(b) = b**3 + 12*b**2 - 19*b - 43. Let w be z(-13). What is the greatest common factor of w and h?
5
Let q(x) = 18*x**2 + 14*x + 45. Let b = -35 + 32. Let p be q(b). What is the greatest common factor of 33 and p?
33
Suppose 17 + 126 = 11*t. Suppose f = 48 - t. Suppose 0 = 2*g + 4*z - 22, g - 3*z = 2 - 6. What is the highest common factor of f and g?
5
Suppose 0 = -27*r + 31*r - 444. Let x = 30 + r. Calculate the greatest common factor of x and 47.
47
Suppose -n + 1789 = 1618. What is the highest common factor of 9 and n?
9
Let l(a) = a**2 - a - 1. Let y be l(4). Let f = -35 - 69. Let b = -71 - f. Calculate the greatest common divisor of y and b.
11
Let s be (-1 + (-193)/(-2))*(4 - 2). Suppose 3*n + 665 = 5*q, s = 2*q - 5*n - 75. Let a = 13 - -6. Calculate the highest common divisor of a and q.
19
Let c(f) = f**3 + 15*f**2 + 9*f + 63. Let z be c(-7). Suppose 6*i = -i + z. What is the greatest common factor of 7 and i?
7
Suppose 134*v - 11460 = 332. What is the highest common factor of 198 and v?
22
Let j = -123 + 340. Suppose 2*s = -w - 343 - j, -2*s - 560 = 3*w. Let h = s + 442. What is the highest common factor of 18 and h?
18
Let k be 15 + 2 - (-4 + 1). Let v(f) = -3*f - 39. Let a be v(11). Let c = a + 82. What is the greatest common divisor of c and k?
10
Suppose -4*h - m + 623 = 0, -6*m + 784 = 5*h - 3*m. Calculate the highest common divisor of h and 11780.
155
Suppose -52*o = -61*o - 729. Let a = 286 + o. Calculate the highest common divisor of 5 and a.
5
Let o(u) = -20*u - 38. Let b be o(-9). Let t = b - 128. Suppose 2*p + w - 372 = -w, -20 = -5*w. Calculate the greatest common divisor of p and t.
14
Let o = -1264 - -3185. What is the greatest common factor of o and 226?
113
Let u = 57 + -32. Suppose -v + 38 = -69. Suppose -v*h - 750 = -113*h. What is the greatest common factor of u and h?
25
Suppose 0 = -h + 3*h - 70. Let f be ((-189)/(-18))/((18/(-294))/(10/(-7))). What is the greatest common factor of h and f?
35
Let k = -206 + 206. Suppose k = 5*g + 2*p - 0*p - 56, 0 = -5*g + 2*p + 44. What is the highest common factor of g and 8?
2
Let n = 40 + -28. Suppose 65*x - 67*x = -5*s - 56, -4*x + 160 = -4*s. What is the highest common factor of x and n?
12
Let t = -118 + 94. Let g = -19 - t. Suppose -8*b + 3*b = 3*j - 212, 0 = -g*j - 5*b + 340. What is the greatest common divisor of j and 8?
8
Suppose -3*u = -2*j + 14, u + 18*j - 18 = 13*j. Let t be ((-340)/15)/2*6/u. What is the highest common factor of 2 and t?
2
Let z(x) = -14*x**3 - 11*x**2 - 65*x - 54. Let v be z(-1). Calculate the highest common factor of v and 46228.
14
Let d(c) = 7*c**2 + 2*c. Let z be d(-5). Suppose 2441 - 1781 = 10*a. Calculate the highest common factor of a and z.
33
Let h(a) = 9*a - 40. Let x be h(8). Let y be 1745/2 + 36/(-24). Suppose 3*u - 89 = y. Calculate the highest common factor of u and x.
32
Let p(a) = 15*a - 160. Let s be p(12). Let n be (5 + (-6 - -61))*1/2. Calculate the highest common divisor of n and s.
10
Let c = 5238 - 5040. Let h(m) = m**2 + 5*m - 6. Let b be h(-6). Suppose 0 = -2*r - b*r + 36. Calculate the highest common factor of r and c.
18
Let q = -53 + 134. Suppose 0 = -5*c, 10*b - 13*b - 5*c = -81. What is the highest common divisor of b and q?
27
Let g(s) = -5*s - 235. Let j be g(-53). Let o be j - -10 - (-1 + 4). Calculate the highest common divisor of o and 114